{"id":112,"date":"2015-04-28T05:44:45","date_gmt":"2015-04-28T02:44:45","guid":{"rendered":"http:\/\/andanteconsulting.fi\/testi\/?page_id=112"},"modified":"2024-01-19T15:31:48","modified_gmt":"2024-01-19T13:31:48","slug":"tyonohjaus","status":"publish","type":"page","link":"https:\/\/andanteconsulting.fi\/?page_id=112","title":{"rendered":"Ty\u00f6nohjaus"},"content":{"rendered":"\n<p>Ty\u00f6nohjauksen tarkoituksena on ty\u00f6yhteis\u00f6n toiminnan kehitt\u00e4minen ja&nbsp; ty\u00f6ntekij\u00e4n ammattitaidon syvent\u00e4minen. Ty\u00f6nohjausprosessissa&nbsp; tarkastellaan ty\u00f6t\u00e4, ty\u00f6yhteis\u00f6\u00e4, organisaatiota ja omaa itse\u00e4&nbsp; ty\u00f6ntekij\u00e4n\u00e4. N\u00e4k\u00f6kulmina tarkastelussa ovat ajatukset, kokemukset,&nbsp; kysymykset, tunteet ja ideat.Ty\u00f6nohjauksen tavoitteena on tuottaa oivalluksia, ymm\u00e4rryst\u00e4 ja lis\u00e4t\u00e4 tietoa ja taitoa suhteessa ty\u00f6h\u00f6n, itseen ja ty\u00f6yhteis\u00f6\u00f6n. Vaikka p\u00e4\u00e4m\u00e4\u00e4r\u00e4n\u00e4 onkin perusteht\u00e4v\u00e4n selkiytt\u00e4minen ja&nbsp; rationaalisten puolten tukeminen, ty\u00f6nohjaus auttaa my\u00f6s ymm\u00e4rt\u00e4m\u00e4\u00e4n&nbsp; tiedostamattomien ja irrationaalisten tekij\u00f6iden merkityksen&nbsp; ty\u00f6ntekij\u00e4ss\u00e4 ja ty\u00f6yhteis\u00f6ss\u00e4.Ty\u00f6nohjaus on s\u00e4\u00e4nn\u00f6llist\u00e4 ja systemaattista ty\u00f6t\u00e4. Siihen sis\u00e4ltyy vuorovaikutus-, oppimis- ja ongelmanratkaisuprosesseja. Ty\u00f6nohjaus ei ole terapiaa, ty\u00f6h\u00f6n perehdytt\u00e4mist\u00e4, ty\u00f6h\u00f6n opastusta, koulutusta, jutustelua tai rupattelua \u2013 vaan tavoitteellista&nbsp; toimintaa. Siin\u00e4 on t\u00e4rke\u00e4\u00e4 ett\u00e4 k\u00e4sitelt\u00e4v\u00e4t asiat nousevat ohjattavien ty\u00f6tilanteesta. Kullakin ty\u00f6nohjaukseen osallistuvalla on oikeus ja&nbsp; velvollisuus ilmaista itse\u00e4\u00e4n ja omia n\u00e4kemyksi\u00e4\u00e4n.Ty\u00f6nohjausta voidaan soveltaa eri muodoissa:<\/p>\n\n\n\n<ul class=\"wp-block-list\">\n<li>yksil\u00f6kohtaisesti<\/li>\n\n\n\n<li>ty\u00f6yhteis\u00f6tasolla tai<\/li>\n\n\n\n<li>ryhm\u00e4kohtaisesti,&nbsp;esim. johtoryhm\u00e4t, esimiehet ja&nbsp;asiantuntijat<\/li>\n<\/ul>\n","protected":false},"excerpt":{"rendered":"<p>Ty\u00f6nohjauksen tarkoituksena on ty\u00f6yhteis\u00f6n toiminnan kehitt\u00e4minen ja&nbsp; ty\u00f6ntekij\u00e4n ammattitaidon syvent\u00e4minen. Ty\u00f6nohjausprosessissa&nbsp; tarkastellaan ty\u00f6t\u00e4, ty\u00f6yhteis\u00f6\u00e4, organisaatiota ja omaa itse\u00e4&nbsp; ty\u00f6ntekij\u00e4n\u00e4. N\u00e4k\u00f6kulmina tarkastelussa ovat ajatukset, kokemukset,&nbsp; kysymykset, tunteet ja ideat.Ty\u00f6nohjauksen tavoitteena on tuottaa oivalluksia, ymm\u00e4rryst\u00e4 ja lis\u00e4t\u00e4 tietoa ja taitoa suhteessa ty\u00f6h\u00f6n, itseen ja ty\u00f6yhteis\u00f6\u00f6n. Vaikka p\u00e4\u00e4m\u00e4\u00e4r\u00e4n\u00e4 onkin perusteht\u00e4v\u00e4n selkiytt\u00e4minen ja&nbsp; rationaalisten puolten tukeminen, ty\u00f6nohjaus auttaa my\u00f6s [&hellip;]<\/p>\n","protected":false},"author":3,"featured_media":0,"parent":11,"menu_order":0,"comment_status":"closed","ping_status":"closed","template":"template-blank-4.php","meta":{"footnotes":""},"class_list":["post-112","page","type-page","status-publish","hentry"],"_links":{"self":[{"href":"https:\/\/andanteconsulting.fi\/index.php?rest_route=\/wp\/v2\/pages\/112","targetHints":{"allow":["GET"]}}],"collection":[{"href":"https:\/\/andanteconsulting.fi\/index.php?rest_route=\/wp\/v2\/pages"}],"about":[{"href":"https:\/\/andanteconsulting.fi\/index.php?rest_route=\/wp\/v2\/types\/page"}],"author":[{"embeddable":true,"href":"https:\/\/andanteconsulting.fi\/index.php?rest_route=\/wp\/v2\/users\/3"}],"replies":[{"embeddable":true,"href":"https:\/\/andanteconsulting.fi\/index.php?rest_route=%2Fwp%2Fv2%2Fcomments&post=112"}],"version-history":[{"count":7,"href":"https:\/\/andanteconsulting.fi\/index.php?rest_route=\/wp\/v2\/pages\/112\/revisions"}],"predecessor-version":[{"id":276,"href":"https:\/\/andanteconsulting.fi\/index.php?rest_route=\/wp\/v2\/pages\/112\/revisions\/276"}],"up":[{"embeddable":true,"href":"https:\/\/andanteconsulting.fi\/index.php?rest_route=\/wp\/v2\/pages\/11"}],"wp:attachment":[{"href":"https:\/\/andanteconsulting.fi\/index.php?rest_route=%2Fwp%2Fv2%2Fmedia&parent=112"}],"curies":[{"name":"wp","href":"https:\/\/api.w.org\/{rel}","templated":true}]}}